(9 + 5)) + 1 + 0?
4
(53 - 60) + 2 + -2 + 4
-3
What is the value of -5 + 0 + 0 + 10?
5
-3 - -6 - ((2 - 3) + 4)
0
What is the value of -15 + (6 - -6) - (1 - 4)?
0
Evaluate -1 - ((-5 - (-4 + 5)) + 1).
4
8 + (3 - -7) + -20
-2
What is (44 - 37) + (-8 - 0)?
-1
What is the value of -6 - -2 - (-5 + 3 - -2)?
-4
Evaluate -5 + 2 + 2 - -5.
4
What is 3 - (13 - 8) - (4 - 1)?
-5
What is 1 - (2 + -3) - (0 + 2)?
0
(5 - (2 + 4)) + (0 - 4)
-5
-2 + -4 + (14 - 6)
2
What is (0 - -3 - -4) + -46 + 32?
-7
(1 - (-2 + 3)) + (-12 - -9)
-3
1 + -5 + 19 + -10
5
Calculate -2 + (-3 - (6 - 7)).
-4
Calculate (-10 + 4 + 3 - -7) + 2.
6
What is -3 - (-4 + -2 + 4 + -2)?
1
What is the value of (-5 - (1 + -4 - 5)) + -7?
-4
Evaluate 1 - 1 - (0 + (-4 - -4)).
0
Evaluate -4 + (0 - 1 - (-10 + 4)).
1
Evaluate 6 - 8 - (-5 + 5).
-2
Evaluate -2 - (5 + 7 + -7 + -5).
-2
Evaluate (-14 - -15) + 3 + (-1 - 9).
-6
Evaluate -4 + 8 - (-1 + -4 + 10).
-1
What is -1 - -1 - (-41 - -42)?
-1
Evaluate (11 - -2 - 4) + (-4 - 1).
4
45 - 47 - (-13 - -1)
10
9 - ((2 - 7) + 5)
9
-13 + 8 - 8 - -3
-10
What is (5 - (-4 - -9)) + 4?
4
0 + 1 - (2 + -6 - -3)
2
Evaluate -1 + (2 - 6) - (0 + 0).
-5
Calculate -9 - (-10 - (-6 + 2)).
-3
What is 1 + (-12 - -16) + (-6 - 0)?
-1
What is the value of -1 - (7 - 4 - 2)?
-2
What is (-18 - (-3 + -3)) + 9?
-3
2 + -10 + 5 + (3 - -6)
6
What is the value of -14 + 9 - (-1 - -1)?
-5
What is (5 - 13) + -2 - -5?
-5
Evaluate (14 - 7) + -1 + -2.
4
Calculate 1 - (-11 - -5) - 6.
1
Evaluate -10 + (4 - -7) + 1.
2
What is the value of 2 + ((5 - -3) + -3 - 2)?
5
What is the value of 0 - -4 - (-14 + 16)?
2
Calculate -28 - -31 - (0 + -1).
4
What is the value of -8 + 5 - (-13 - -5)?
5
Evaluate 6 + (-4 - -2 - 1).
3
-4 + -2 - (-4 + -5)
3
(-6 - -5) + -1 - -2
0
Evaluate -18 - (-19 + (19 - 10)).
-8
Evaluate (2 - 3) + -1 + (-5 - -11).
4
Evaluate (-11 - -2) + -11 + 29.
9
Evaluate 4 - 0 - (-1 - (-7 + 3)).
1
Evaluate (-2 - -3) + (3 - 0 - 1).
3
Evaluate (0 - 0) + (-4 - (5 + -6)).
-3
3 - 0 - (0 - (2 + -1))
4
Evaluate (31 - 32) + (1 - -3).
3
Calculate -6 + (-5 - (-3 - -1)) + 6.
-3
What is 4 - (10 - 2) - 1 - -5?
0
Calculate -2 + 0 + 0 + -8 + 5.
-5
Evaluate -4 + -1 + 13 + -4.
4
What is the value of (-4 + 4 - 1) + 3 + -3?
-1
What is the value of 3 + -3 - (3 - 2) - 4?
-5
Calculate 9 - (4 - (-4 + 1)).
2
Evaluate -12 - (-2 - (-8 - -13)).
-5
What is the value of 0 + (-2 - -4) + (3 - 1)?
4
What is the value of (2 - 6) + 2 - (-7 + 3)?
2
What is the value of 3 + (7 - (3 + 2))?
5
Calculate -3 + 8 - -2 - 0 - 9.
-2
Calculate -7 + 7 + 2 - (-2 + -1).
5
Calculate (1 - ((5 - 11) + 2)) + -5.
0
What is the value of -2 + (-1 - (0 - 2))?
-1
What is the value of 13 - 0 - (5 + -12 + 11)?
9
(14 - (8 + -6)) + -8
4
What is -2 + (-1 - -6) + 53 + -53?
3
What is 14 + -15 + 9 - 12?
-4
What is the value of 1 - (1 + -2 + (14 - 10))?
-2
Calculate 0 + 3 + (8 - 7 - 7).
-3
What is 7 + 0 + -6 - 7?
-6
What is the value of (2 - (3 - 1)) + (-8 - -3)?
-5
Calculate 6 + 0 + -3 - -1.
4
Calculate -6 - (1 - 1) - (-35 + 32).
-3
Calculate -17 + 16 - (0 + -2 - 1).
2
Evaluate -2 - ((-1 - (1 + -4)) + 1).
-5
What is the value of -2 - ((1 - 5) + 2)?
0
3 + 2 + -3 + 1 + 0
3
(-4 - 4) + (6 - (-6 + 11))
-7
Calculate 3 + 7 + -6 + (-4 - 7).
-7
Calculate (-9 - -2) + (-95 - -96).
-6
What is the value of -3 - (2 + -11) - 8?
-2
Calculate -1 + 1 - (-4 - -3).
1
Evaluate -4 + (4 + -6 - -10).
4
Evaluate (13 + 1 - 0) + -12.
2
Calculate 0 + -7 + 4 + 6.
3
Calculate -17 + 14 - (-1 + 1) - -2.
-1
4 + (-4 - 9) + 0
-9
7 + (8 - (8 + 12))
-5
What is the value of -12 + 16 + (-1 - 2) + -1?
0
-3 - (-4 + (1 - 4) + -4)
8
What is the value of 4 - (8 - (-11 + 12))?
-3
Calculate -1 + -3 - 1 - -1.
-4
Evaluate 3 + (-6 - (-5 - (-1 - -4))).
5
What is -9 - (4 + (1 - 10) + 1)?
-5
Calculate (15 - 19) + 2 + -1 + 3.
0
What is (8 - (1 + -4)) + -8?
3
What is -4 + 5 - 4 - (3 + -8)?
2
What is -2 + 2 + -1 + -1?
-2
(5 - ((-1 - -5) + -2)) + -4
-1
Evaluate -18 + 2 + 8 - -5.
-3
What is (-3 - -17) + (-9 - -1)?
6
-41 + 36 - (-1 + 1 + -5)
0
What is (-5 - (4 + -6)) + 2?
-1
Evaluate 3 - 7 - (-11 - (4 - 9)).
2
What is the value of -1 - (-1 + 3) - -5?
2
Evaluate 0 - (-2 + -4 + 10 - 3).
-1
-7 + 1 + -23 + 26
-3
Calculate (-22 - -21) + (2 - 2) + 0.
-1
What is the value of -19 - -10 - -9 - (0 - 0)?
0
What is the value of 10 + -1 + (0 - 0)?
9
Calculate -12 + 8 - (1 - 9).
4
What is 2 - -3 - (0 + -1 + 6)?
0
0 + (6 - 4 - 3)
-1
Calculate (-5 - -10) + (-4 - 1) - 4.
-4
What is -5 - (3 + -6 + (6 - 0))?
-8
What is 6 - (-1 + 8) - 1?
-2
What is 1 + -2 + 7 + (-4 - 1)?
1
What is -3 + 0 - (-3 - -6 - 7)?
1
Calculate -4 + (-8 - -13) - 7.
-6
Evaluate -4 + 11 + -4 + -8.
-5
What is (-6 - (-11 + 1)) + -6?
-2
What is -3 - (4 - 2) - (-1 + 0)?
-4
(5 - 10) + 2 + (-7 - -8)
-2
Calculate (6 - 2) + (3 - 0 - 3).
4
Calculate (-8 - (-2 - 6)) + 7.
7
What is the value of -1 - (-4 + (-4 - -2)) - 3?
2
What is the value of 0 + 4 + -6 + -1?
-3
What is the value of -3 + 6 + -7 - (1 + -3)?
-2
What is the value of (0 - 2) + 16 + -16 + -1?
-3
What is (4 - 3) + -2 + 2?
1
What is the value of 4 - (-1 + -2 - -2)?
5
Evaluate 10 - (4 - (-5 - -4)).
5
Calculate -1 - (1 - (-4 + 4)).
-2
What is -5 + 17 - 6 - 9?
-3
What is the value of 6 + (3 - 4) + -1?
4
What is 27 + -36 + -1 + 0 + 3?
-7
Evaluate 3 + -1 + -13 + 6 + 4.
-1
What is the value of -8 + (10 + -3 - 1)?
-2
What is (-2 - -5) + -12 + 1 + 14?
6
(-4 - -1) + (4 - 5 - -2)
-2
What is the value of -1 - (6 - (4 - 0))?
-3
Calculate -6 - -7 - 0 - (1 - -6).
-6
Calculate 6 - (10 - 14) - 15.
-5
What is the value of -7 - -2 - -4 - -5?
4
Calculate 5 + (-9 + 6 - -3).
5
Evaluate -61 - -51 - (-2 - 2).
-6
What is 7 - (2 + 1 + 2)?
2
Evaluate 4 + 4 + -11 + 4.
1
10 + (-2 - -5 - 8) + 0
5
What is 0 - ((4 - 8) + 4) - 1?
-1
What is -9 + 14 - (1 + 3)?
1
Calculate (0 - -4) + 35 + -46.
-7
Evaluate 5 + -4 - (8 + -3 + -1).
-3
-2 - 2 - (1 - 4 - 1)
0
Calculate 3 + -6 - 0 - -4.
1
What is the value of 3 + 3 + 0 + -4?
2
Evaluate 4 - -2 - (-2 - (-10 + 5)).
3
What is -12 + 22 - ((11 - 6) + 1)?
4
Calculate 3 - (9 - (-4 + 4)).
-6
What is 91 + -92 + 2 + -2?
-1
What is the value of -9 + 6 + -2 + 1 + 3?
-1
Evaluate -5 - ((-19 - -19) + -1 + 2).
-6
(-1 - 2) + (0 - (-1 + -1))
-1
Evaluate (0 - (6 - 12)) + -6.
0
-2 - (-1 - (-5 - 3))
-9
What is 8 - (-3 - -20 - 8)?
-1
What is the value of 5 - -2 - (-1 - 1 - -18)?
-9
What is the value of 7 - 6 - (-1 - (-4 - -3))?
1
Evaluate 2 - (3 + -9 + 4 - -2).
2
What is the value of 0 - (4 - (4 - 0 - 5))?
-5
What is (7 - (-3 - -13)) + (6 - 2)?
1
Evaluate (2 - -2) + -20 + 17 - -4.
5
What is -10 + -3 + 1 + 5 + 1?
-6
Evaluate -3 - (-4 - (-4 + 1)).
-2
Evaluate -4 - (-19 + 19 - (0 + 6)).
2
What is -9 + (-13 + 32 - 8)?
2
What is the value of (-2 - (-1 - -4 - 5)) + 2?
2
Calculate (2 - (-3 + -1)) + -6.
0
What is the value of (-30 - -23) + 12 + 0?
5
-2 + 3 + -2 + 11 + -5
5
What is the value of -5 + 1 + -3 + 3?
-4
What is the value of (-5 + -4 - (1 + -5)) + -1?
-6
What is the value of (-13 - -23 - 12) + (-1 - 1)?
-4
Calculate (4 - (4 - 2) - -3) + -12.
-7
Calculate (-11 - (-3 - -2)) + 11.
1
What is 4 + -12 + 9 + -3 + -2?
-4
What is the value of 4 + (-8 - (-4 - -1))?
-1
(5 - 4 - -1) + 4
6
What is (-3 - 4 - 0) + 16?
9
Evaluate 4 - (7 + -8 - -4).
1
What is the value of -7 + (-5 + 16 - 13)?
-9
Calculate (-4 - (0 - -12)) + 9.
-7
What is the value of (1 - -2) + 0 + (3 - 1)?
5
What is -10 + 9 + 6 + -6?
-1
Evaluate -12 - (-20 - (-8 + 10)).
10
What is the value of 187 - 176 - (8 - -1)?
2
What is 5 + -6 + -1 + -2 + 4?
0
Calculate -3 - -11 - (10 + -8 - -3).
3
1 + (-4 - 1) + -1
-5
What is (-4 - (-1 - (3 - 2))) + -1?
-3
-21 + 18 - (3 - (0 + 3))
-3
What is -7 + (-1 + -1 - (-7 - -1))?
-3
Evaluate 18 - 25 - (0 - 1).
-6
What is the value of (0 - (8 - 4 - 1)) + 7?
4
-3 - (-12 + 1 + 9 + -7)
6
5 + -5 - (-4 - -1) - 1
2
Calculate -9 + 7 + 2 + 2.
2
What is 9 - 8 - (-1 + 0)?
2
Evaluate -4 + (3 - 5 - -6).
0
Evaluate 0 - (-2 - 2 - -5).
-1
What is the value of 1 + (0 - 4) + 1?
-2
9 + (-3 - (10 + -3))
-1
What is the value of 6 + -15 + 4 - (-1 - 0)?
-4
Calculate -2 + (1 - 0) + (1 - -5).
5
-3 + -3 - -4 - -5
3
Calculate 20 - 18 - (-2 - -3 - 1).
2
Evaluate (3 - 10) + 1 + 2 - -2.
-2
Evaluate -9 - (1 - 9 - 0).
-1
What is -3 + 4 + -4 + 10 + -5?
2
Calculate 8 + -6 - (1 + 6).
-5
Evaluate (-13 - (2 - 12)) + -7.
-10
What is -4 - 1 - (-19 + 17)?
-3
Evaluate (-9 - (3 + -4)) + -3 + 